{"id":666,"date":"2020-07-20T20:41:21","date_gmt":"2020-07-21T00:41:21","guid":{"rendered":"https:\/\/www.pipepc.com\/blog\/?post_type=product&#038;p=666"},"modified":"2022-04-19T20:30:54","modified_gmt":"2022-04-20T00:30:54","slug":"protocolo-diplomatico-oficial-y-ceremonial","status":"publish","type":"product","link":"https:\/\/pipepc.com\/blog\/producto\/protocolo-diplomatico-oficial-y-ceremonial\/","title":{"rendered":"Protocolo Diplom\u00e1tico, Oficial y Ceremonial"},"content":{"rendered":"<section class=\"entry fix\">Curso Online con Certificaci\u00f3n \u2013 7 M\u00f3dulos extensos \u2013 12 Horas acad\u00e9micas aprox. INTRODUCCI\u00d3N: Definici\u00f3n de Ceremonial, Protocolo, Etiqueta, Urbanidad, Cortes\u00eda, Principios para agradar a los dem\u00e1s.PRECEDENCIA: Reglas Operativas. Ley de la Derecha. Ley de la Proximidad. Centro m\u00e9trico. Lateral, lineal y alfab\u00e9tico.LEY: Ley N\u00ba 360. Ley N\u00ba 5.209. Orden general de precedencia en la actualidad. Enmienda Ley N\u00ba 5584. T\u00edtulos y Tratamientos. Ley N\u00ba 214, que establece la Carta Org\u00e1nica del Gobierno Departamental.CEREMONIAL DE LA BANDERA: S\u00edmbolos Nacionales. Decreto N\u00ba 11.400. Ubicaci\u00f3n y usos. Luto o Duelo.DIPLOMACIA: Grados de la Carrera Diplom\u00e1tica. Escalaf\u00f3n de la Carrera Diplom\u00e1tica. Privilegios e Inmunidades Diplom\u00e1ticas. Privilegios de Origen Fiscal de las Misiones Diplom\u00e1ticas \u2013 Placet o Agreetment. Presentaci\u00f3n de Cartas Credenciales.<\/section>\n<header>\n<header>\n<h2>Lecciones<\/h2>\n<\/header>\n<section class=\"course-lessons\">\n<article class=\"post-131 lesson type-lesson status-publish has-post-thumbnail hentry post\">\n<header class=\"lesson-title\">\n<h2><a title=\"Comenzar M\u00f3dulo 1 Protocolo Diplom\u00e1tico, Oficial y Ceremonial\" href=\"https:\/\/www.pipepc.com\/blog\/leccion\/modulo-1-protocolo-diplomatico-oficial-y-ceremonial\/\">M\u00f3dulo 1 Protocolo Diplom\u00e1tico, Oficial y Ceremonial<\/a><\/h2>\n<p class=\"lesson-meta\"><span class=\"lesson-length\">Duraci\u00f3n: 33 minutos<\/span><span class=\"lesson-complexity\">Complejidad: Media<\/span><\/p>\n<\/header>\n<section class=\"entry\">Duraci\u00f3n 1 hora y 4 minutos.<\/section>\n<\/article>\n<article class=\"post-174 lesson type-lesson status-publish has-post-thumbnail hentry post\">\n<header class=\"lesson-title\">\n<h2><a title=\"Comenzar M\u00f3dulo 2 Protocolo Diplom\u00e1tico, Oficial y Ceremonial\" href=\"https:\/\/www.pipepc.com\/blog\/leccion\/modulo-2-protocolo-diplomatico-oficial-y-ceremonial\/\">M\u00f3dulo 2 Protocolo Diplom\u00e1tico, Oficial y Ceremonial<\/a><\/h2>\n<p class=\"lesson-meta\"><span class=\"lesson-length\">Duraci\u00f3n: 58 minutos<\/span><span class=\"lesson-complexity\">Complejidad: Media<\/span><\/p>\n<\/header>\n<section class=\"entry\">Duraci\u00f3n 52 minutos.<\/section>\n<\/article>\n<article class=\"post-191 lesson type-lesson status-publish has-post-thumbnail hentry post\">\n<header class=\"lesson-title\">\n<h2><a title=\"Comenzar M\u00f3dulo 3 Protocolo Diplom\u00e1tico, Oficial y Ceremonial\" href=\"https:\/\/www.pipepc.com\/blog\/leccion\/modulo-3-protocolo-diplomatico-oficial-y-ceremonial\/\">M\u00f3dulo 3 Protocolo Diplom\u00e1tico, Oficial y Ceremonial<\/a><\/h2>\n<p class=\"lesson-meta\"><span class=\"lesson-length\">Duraci\u00f3n: 61 minutos<\/span><span class=\"lesson-complexity\">Complejidad: Media<\/span><\/p>\n<\/header>\n<section class=\"entry\">Duraci\u00f3n 58 minutos.<\/section>\n<\/article>\n<article class=\"post-3534 lesson type-lesson status-publish hentry post\">\n<header class=\"lesson-title\">\n<h2><a title=\"Comenzar M\u00f3dulo 4 Protocolo Diplom\u00e1tico, Oficial y Ceremonial\" href=\"https:\/\/www.pipepc.com\/blog\/leccion\/modulo-4-protocolo-diplomatico-oficial-y-ceremonial\/\">M\u00f3dulo 4 Protocolo Diplom\u00e1tico, Oficial y Ceremonial<\/a><\/h2>\n<p class=\"lesson-meta\"><span class=\"lesson-length\">Duraci\u00f3n: 15 minutos<\/span><span class=\"lesson-complexity\">Complejidad: Media<\/span><\/p>\n<\/header>\n<section class=\"entry\">Duraci\u00f3n 15 minutos. Al finalizar pulsa el bot\u00f3n \u00abCompletar\u00bb<\/section>\n<\/article>\n<article class=\"post-3537 lesson type-lesson status-publish hentry post\">\n<header class=\"lesson-title\">\n<h2><a title=\"Comenzar M\u00f3dulo 5 Protocolo Diplom\u00e1tico, Oficial y Ceremonial\" href=\"https:\/\/www.pipepc.com\/blog\/leccion\/modulo-5-protocolo-diplomatico-oficial-y-ceremonial\/\">M\u00f3dulo 5 Protocolo Diplom\u00e1tico, Oficial y Ceremonial<\/a><\/h2>\n<p class=\"lesson-meta\"><span class=\"lesson-length\">Duraci\u00f3n: 26 minutos<\/span><span class=\"lesson-complexity\">Complejidad: Media<\/span><\/p>\n<\/header>\n<section class=\"entry\">Duraci\u00f3n 26 minutos. Al finalizar pulsa el bot\u00f3n \u00abCompletar\u00bb<\/section>\n<\/article>\n<article class=\"post-3540 lesson type-lesson status-publish hentry post\">\n<header class=\"lesson-title\">\n<h2><a title=\"Comenzar M\u00f3dulo 6 Protocolo Diplom\u00e1tico, Oficial y Ceremonial\" href=\"https:\/\/www.pipepc.com\/blog\/leccion\/modulo-6-protocolo-diplomatico-oficial-y-ceremonial\/\">M\u00f3dulo 6 Protocolo Diplom\u00e1tico, Oficial y Ceremonial<\/a><\/h2>\n<p class=\"lesson-meta\"><span class=\"lesson-length\">Duraci\u00f3n: 32 minutos<\/span><span class=\"lesson-complexity\">Complejidad: Media<\/span><\/p>\n<\/header>\n<section class=\"entry\">Duraci\u00f3n 32 minutos. Al finalizar pulsa el bot\u00f3n \u00abCompletar\u00bb<\/section>\n<\/article>\n<article class=\"post-3543 lesson type-lesson status-publish hentry post\">\n<header class=\"lesson-title\">\n<h2><a title=\"Comenzar M\u00f3dulo 7 Protocolo Diplom\u00e1tico, Oficial y Ceremonial\" href=\"https:\/\/www.pipepc.com\/blog\/leccion\/modulo-7-protocolo-diplomatico-oficial-y-ceremonial\/\">M\u00f3dulo 7 Protocolo Diplom\u00e1tico, Oficial y Ceremonial<\/a><\/h2>\n<p class=\"lesson-meta\"><span class=\"lesson-length\">Duraci\u00f3n: 29 minutos<\/span><span class=\"lesson-complexity\">Complejidad: Media<\/span><\/p>\n<\/header>\n<section class=\"entry\">Duraci\u00f3n 29 minutos. Al finalizar pulsa el bot\u00f3n \u00abCompletar\u00bb<\/section>\n<\/article>\n<\/section>\n<\/header>\n","protected":false},"excerpt":{"rendered":"<p>Curso Online con Certificaci\u00f3n \u2013 7 M\u00f3dulos extensos \u2013 12 Horas acad\u00e9micas aprox.<\/p>\n","protected":false},"featured_media":5522,"comment_status":"open","ping_status":"closed","template":"","meta":{"_eb_attr":""},"product_brand":[],"product_cat":[189],"product_tag":[197,196],"class_list":{"0":"post-666","1":"product","2":"type-product","3":"status-publish","4":"has-post-thumbnail","6":"product_cat-cursos-online-certificados","7":"product_tag-protocolo-empresarial","8":"product_tag-protocolo-oficial","9":"post","11":"first","12":"instock","13":"sale","14":"virtual","15":"purchasable","16":"product-type-simple"},"_links":{"self":[{"href":"https:\/\/pipepc.com\/blog\/wp-json\/wp\/v2\/product\/666","targetHints":{"allow":["GET"]}}],"collection":[{"href":"https:\/\/pipepc.com\/blog\/wp-json\/wp\/v2\/product"}],"about":[{"href":"https:\/\/pipepc.com\/blog\/wp-json\/wp\/v2\/types\/product"}],"replies":[{"embeddable":true,"href":"https:\/\/pipepc.com\/blog\/wp-json\/wp\/v2\/comments?post=666"}],"wp:featuredmedia":[{"embeddable":true,"href":"https:\/\/pipepc.com\/blog\/wp-json\/wp\/v2\/media\/5522"}],"wp:attachment":[{"href":"https:\/\/pipepc.com\/blog\/wp-json\/wp\/v2\/media?parent=666"}],"wp:term":[{"taxonomy":"product_brand","embeddable":true,"href":"https:\/\/pipepc.com\/blog\/wp-json\/wp\/v2\/product_brand?post=666"},{"taxonomy":"product_cat","embeddable":true,"href":"https:\/\/pipepc.com\/blog\/wp-json\/wp\/v2\/product_cat?post=666"},{"taxonomy":"product_tag","embeddable":true,"href":"https:\/\/pipepc.com\/blog\/wp-json\/wp\/v2\/product_tag?post=666"}],"curies":[{"name":"wp","href":"https:\/\/api.w.org\/{rel}","templated":true}]}}